= 3*b + 4*c - 2264, 1508 = f*b + 3*c. Let i = b + -395. Is i composite?
False
Suppose -29*p + 25*p = -1588. Suppose 4*b + 9 = p. Is b prime?
True
Let h be 2464/(-49) - (-4)/14. Let k = h + 1. Let f = 71 + k. Is f a prime number?
False
Let y(n) = -n**3 + 5*n**2 + n - 1. Let o be y(5). Suppose -t - 101895 = -o*l, 5*l - t + 0*t = 127368. Is l/77 - (-4)/22 prime?
True
Is (1 - -40)/(-2 + (-14)/(-6)) a composite number?
True
Suppose -3*s + 4*d - 10 = -s, 0 = -4*s + d + 1. Suppose s + 1 = z. Suppose z*o = o + 37. Is o composite?
False
Suppose -2*n - 1324 = 2*h, -3*n - 2*h - 3184 + 1198 = 0. Let d = -273 - n. Is d composite?
False
Suppose -3*x - 14208 = -3*p, 8*p = 3*p - 2*x + 23715. Is p prime?
False
Let j = -60 + 217. Suppose k + 2*g = j, k + g + 785 = 6*k. Is k prime?
True
Let u(t) be the third derivative of -17*t**5/120 + 13*t**4/24 - 7*t**3/6 + 3*t**2. Let a(g) be the first derivative of u(g). Is a(-12) composite?
True
Let n be ((-8)/3)/(10/15) + 8. Suppose -n*a = -4*g - 17100, 17076 = -a + 5*a + 2*g. Is a composite?
False
Let n(y) = 24*y**3 + 3*y**2 - 10*y - 3. Let u be n(-4). Let s = u + 3144. Is s composite?
False
Let l(g) = -731*g**3 + g**2 + 2*g. Let k be l(-2). Let i = -4161 + k. Is i prime?
False
Let c = -3371 + 6922. Is c prime?
False
Let c(p) = 209*p**3 + 2*p**2 - 2*p - 10. Is c(3) a prime number?
False
Let h = 436 - -1725. Is h a composite number?
False
Suppose 5*s + 32*r - 58275 = 27*r, 2*r - 2 = 0. Is s a composite number?
True
Let v(y) = 5*y**3 - 2*y**2 + 2*y. Let x be v(1). Suppose x*p - j - 440 = 0, -4*p = 3*j - 4*j - 352. Let d = p - 51. Is d a composite number?
False
Let r be 1/(-10) + (-262)/(-20). Is 878*1 + -12 + r a prime number?
False
Suppose -14*v + 15*v + 3*m - 1331 = 0, -2678 = -2*v + 2*m. Is v a composite number?
True
Let c(a) = 51*a + 5. Let t be c(2). Let h = t + -42. Is h composite?
True
Let z(s) = 3942*s**2 + 2*s + 3. Is z(-1) a prime number?
True
Suppose 12923 = 3*i - 3*c - 34513, -i - 4*c = -15827. Is i a composite number?
True
Is 25083/(-36)*424/(-6) a composite number?
True
Let m(a) = -73*a + 1 - 1 + 60*a. Let b be (15/(-12))/(3/12). Is m(b) a prime number?
False
Let s be 502*1*13/13. Suppose 1014 = 4*n - s. Is n prime?
True
Let c(w) = -w**2 + w - 1. Let m(x) = -10*x**2 + 3*x - 4. Let v(j) = -3*c(j) - m(j). Is v(-11) composite?
True
Is ((-7635)/(-12))/((7/(-7))/(-4)) a prime number?
False
Let b(z) = z**3 - 2*z**2 + 3*z - 2. Let t be b(2). Suppose t*h - 12 = -0*h. Is ((-393)/h)/((-2)/2) a prime number?
True
Suppose 4*p - 3193 = 4011. Is p a composite number?
False
Let j = -7 + -2. Is j/(-3) + (-1)/(3/(-2865)) composite?
True
Suppose 2 = -p + 2*k, -4*k + 5 = -p - 5. Is 1*-2*(2 - 2169/p) a composite number?
False
Let h(i) = -2299*i + 4. Is h(-7) a composite number?
False
Let d = 25 - 19. Is (d/(-12))/((-3)/474) a prime number?
True
Suppose 22*p + 7922 = 24*p + w, -3963 = -p - w. Is p a prime number?
False
Let l(a) = a**2 - 13*a - 103. Is l(-21) a composite number?
True
Let n(m) be the second derivative of -3*m**3/2 + 25*m**2 - 28*m. Is n(-23) a composite number?
False
Let q(j) = 5*j - 1. Let i be q(1). Suppose -v + 2*d = -1003 + i, v - 1024 = -3*d. Is v prime?
True
Suppose l - j - 10 = 0, l + 2*j = j. Suppose -l*x + 435 = -0*x. Is x composite?
True
Let x = -121 - -170. Let k = x + 688. Is k composite?
True
Let r(l) = -l**2 - 17*l - 15. Let z be r(-14). Let m be (z/6)/((-3)/(-2)). Suppose 0*u + 1331 = 4*x + 5*u, -m*x - 5*u = -992. Is x a composite number?
True
Let x = -7 + 12. Suppose 0 = 3*s - x - 4. Suppose -2*t - s*i + 292 = -642, 5*t - 2335 = -2*i. Is t prime?
True
Suppose 1824 + 1046 = -14*p. Let u = 836 - p. Is u composite?
True
Let g(a) = -a**2 - 15*a + 19. Let m be g(-16). Suppose 0 = 2*j + 7 - 1, 4*f = -m*j - 91001. Is f/(-60) + 2/(-15) a composite number?
False
Let q = 120 - 229. Let g = q + 518. Is g prime?
True
Suppose 4*z + 2*j - 14 = 0, -5*z + 2*j - j + 21 = 0. Is (6/(-9))/(3/((-6786)/z)) composite?
True
Let h(g) = 6*g + 20. Let r be h(-6). Let i(y) = -6*y + 10. Is i(r) prime?
False
Is (-178757)/(90/10 + -10) prime?
True
Let v = -36 + 40. Is v - 3*(0 + -259) prime?
False
Is 9/(-12) + (-9547)/(-4) a composite number?
True
Suppose -q - 2 + 4 = -2*j, -5*q + 5*j = -5. Let s(g) = g**3 + g**2 + g + 289. Let u be s(q). Suppose 4*f = -69 + u. Is f prime?
False
Let d = 19 + -7. Suppose -9*i - 9 = -d*i. Suppose i*k + k = 188. Is k a prime number?
True
Let m(b) = -b**3 + 15*b**2 + 33*b + 24. Let y be m(17). Suppose -y*t + 3948 = -3003. Is t a prime number?
False
Suppose 7*h - 975 = 4*h. Suppose 5*q + 969 = 5*m - 2*m, q = m - h. Suppose -5*f + 102 = b, -b - 3*b - 4*f + m = 0. Is b composite?
True
Let n(a) be the second derivative of a**4/12 - 5*a**3/3 - 9*a**2 + 3*a. Let w be n(12). Suppose w*k - k = 3385. Is k a composite number?
False
Let f(a) = -a**3 - 14*a**2. Let r be f(-14). Suppose p + u = -r*u + 2697, 0 = -5*p - 2*u + 13497. Is p composite?
True
Let t be -1*(-1 + 1 - -2). Let y(n) = -172*n**3 - n**2 - 3*n + 1. Is y(t) prime?
False
Let f = -9 - -9. Suppose -6 = -3*x - f*x. Suppose 3*m = -x*m + 165. Is m prime?
False
Suppose 2*m = t + 4*m + 1, -5*t + 5*m = -10. Is t/1 + 3864/4 a prime number?
True
Suppose -3 = -5*w + 12, -4*w = -r + 20419. Is r composite?
False
Let i be 12*(-4)/(-16)*1. Suppose -k - i*h = -176, -2*h - 2*h = 4. Is k a prime number?
True
Let b(w) be the first derivative of -w**4/4 + 23*w**3/3 + 35*w**2/2 - 24*w - 19. Is b(17) a prime number?
False
Let j = -2 - 1. Let h be (-9)/j + (-3 - -92). Suppose -3*a = 3*z - 201, -427 = -5*z + 3*a - h. Is z a composite number?
False
Let d = -7811 - -11200. Is d a prime number?
True
Let u be 4*4/(12/(-3)). Is ((-1543)/u)/((44/(-16))/(-11)) a prime number?
True
Let j = 114377 - 75556. Is j composite?
False
Suppose 0 = j - 93 + 2. Let b = j - -6. Is b prime?
True
Let j = 2 + 0. Suppose j*v = 4*s - 20, -3*s - 55 = 5*v - 8*s. Is 8/v - (-1689)/9 composite?
True
Suppose -k + n + 2522 = 4*n, 2*n = -5*k + 12545. Is k composite?
True
Suppose 0 = -7*k + 26348 + 4599. Is k a composite number?
False
Suppose 0 = -15*f + 376072 + 656843. Is f a prime number?
False
Let b(g) = -206*g - 8. Let o be b(-4). Let j = -370 + o. Is j a prime number?
False
Let z(d) = -d + 9. Let b be z(6). Suppose -58*s - 55 = -69*s. Suppose -b*h + 2*h + 1392 = -s*j, h - 1402 = -5*j. Is h prime?
False
Suppose -5*u = -5*l + 15, -5*u - l = -0*l - 3. Suppose u = -10*b + 5*b + 1535. Is b a prime number?
True
Let g = 51 - -37. Let d = -3 + g. Is d prime?
False
Let l(v) = 0*v**2 + 172*v + 163*v + 4*v**2 - 333*v - 3. Is l(-16) a composite number?
True
Let l(r) = 14*r**2 - 1. Let x = 17 - 42. Let o be (-23)/(-5) + 15/x. Is l(o) prime?
True
Suppose 533 = 2*r - 3*p, -r = 2*r - 4*p - 800. Let g = 240 + r. Suppose 3*s + s - g = 0. Is s composite?
False
Let h(f) = -2*f + 306. Let b(t) = t + 10. Let z be b(-10). Let r be h(z). Suppose 2*p = -5*c + r, -2*c + 42 = 3*p - 76. Is c prime?
False
Let l be 1*(3 + -7) - -7. Suppose 3*x + 19 = -x + l*n, 3 = 3*n. Is (-6)/x*(-8204)/(-42) prime?
True
Let t(q) = 679*q + 8. Is t(9) prime?
False
Suppose 0 = -3*z + 5*r + 68, z + r = -3*r. Let l be (-30)/(-16)*-2*z. Let c = 143 + l. Is c prime?
True
Suppose -3*z - 3*u = 9, 0*z = 2*z - u + 18. Let j(r) = r**2 - 4*r**2 + 9 + 2*r**2 - 14*r. Is j(z) a prime number?
False
Suppose 2 = -81*g + 83*g. Let s(m) = 2808*m**3 - 3*m**2 + m + 1. Is s(g) composite?
True
Let r = 42002 - 16059. Is r composite?
False
Suppose 2*f + 2*f + 26325 = 3*s, 8764 = s - 5*f. Is s a composite number?
False
Let o = -28 + 31. Suppose o*a + 2*i = -2*a + 55, 4*i + 33 = a. Is a prime?
True
Let h(i) = 12*i**2 + 2*i**3 + 3*i**3 - 13*i**2 - 4*i**3 + 443. Is h(0) a composite number?
False
Suppose -5*v = -539 - 106. Suppose -3*t + v = -225. Is t composite?
True
Let l = 2 + -3. Let r be (-12 - -17)*(l - -2). Suppose r*w = 3*w + 138. Is w a prime number?
False
Let u = 1 - 36. Let h = 532 + u. Is h a composite number?
True
Let q = -494 - -1009. Suppose 4*y = 2439 - q. Is y a prime number?
False
Let r be 5 - (4 - 4)/2. Suppose 0 = -2*j + r*j. Suppose 4*p + j - 508 = 0. Is p a prime number?
True
Let q be (-10)/4*(-108)/45. Let h be 320/(-3) - q/(-9). Let b = -32 - h. Is b prime?
False
Suppose 38*b + 3878 = 40*b. Is b composite?
True
Let a(k) = k. Let p(w) = -4*w + 15*